{"id":2068,"date":"2025-11-04T14:35:13","date_gmt":"2025-11-04T14:35:13","guid":{"rendered":"https:\/\/actuate.systems\/?post_type=product&#038;p=2068"},"modified":"2025-11-04T14:39:05","modified_gmt":"2025-11-04T14:39:05","slug":"rope-looping-gripper-kotelhurkos-rogzito-o1-21-5mm","status":"publish","type":"product","link":"https:\/\/actuate.systems\/?product=rope-looping-gripper-kotelhurkos-rogzito-o1-21-5mm","title":{"rendered":"Rope Looping GRIPPER\/K\u00f6t\u00e9lhurkos r\u00f6gz\u00edt\u0151 \u00d81.2~1.5mm"},"content":{"rendered":"<div class=\"artdet__name-wrap mb-3 mb-lg-0\">\n<div class=\"row align-items-center row-gap-5\">\n<div class=\"col order-lg-1 d-flex flex-wrap flex-md-nowrap align-items-center row-gap-5 col-gap-10\">\n<h1 class=\"artdet__name mb-0\" title=\"Rope Looping GRIPPER\/K\u00f6t\u00e9lhurkos r\u00f6gz\u00edt\u0151 \u00d81.2~1.5mm\n\">Rope Looping GRIPPER\/K\u00f6t\u00e9lhurkos r\u00f6gz\u00edt\u0151 \u00d81.2~1.5mm<\/h1>\n<\/div>\n<\/div>\n<\/div>\n<div class=\"social-reviews-sku-wrap row gutters-10 align-items-center flex-wrap row-gap-5 mb-1\">\n<div class=\"col\">\n<div class=\"artdet__sku d-flex flex-wrap text-muted\">\n<div id=\"artdet__short-descrition\" class=\"artdet__short-descripton mb-4\">\n<div class=\"artdet__short-descripton-content\"><strong>MODEL: ALG15<\/strong><br \/>\n\u2022 Rope Looping GRIPPER \u00d81.2~1.5mm<br \/>\n\u2022 For Wire Rope \u00d81.2~1.5mm<br \/>\n\u2022 Material: Metal<\/div>\n<\/div>\n<div id=\"artdet__param-spec\" class=\"mb-4\">\n<div class=\"artdet__spec-params artdet__spec-params--2 row gutters-md-20 gutters-xxl-40 mb-3\">\n<div class=\"col-sm-6 col-md-12 spec-param-left\">\n<div id=\"page_artdet_product_param_spec_6953244\" class=\"artdet__spec-param py-2 product_param_type_link_text\">\n<div class=\"row gutters-10 align-items-center\">\n<div class=\"col-6\"><\/div>\n<\/div>\n<\/div>\n<\/div>\n<\/div>\n<\/div>\n<\/div>\n<\/div>\n<\/div>\n","protected":false},"excerpt":{"rendered":"<div class=\"artdet__name-wrap mb-3 mb-lg-0\">\n<div class=\"row align-items-center row-gap-5\">\n<div class=\"col order-lg-1 d-flex flex-wrap flex-md-nowrap align-items-center row-gap-5 col-gap-10\">\n<h1 class=\"artdet__name mb-0\" title=\"Rope Looping GRIPPER\/K\u00f6t\u00e9lhurkos r\u00f6gz\u00edt\u0151 \u00d81.2~1.5mm\n\">Rope Looping GRIPPER\/K\u00f6t\u00e9lhurkos r\u00f6gz\u00edt\u0151 \u00d81.2~1.5mm<\/h1>\n<\/div>\n<\/div>\n<\/div>\n<div class=\"social-reviews-sku-wrap row gutters-10 align-items-center flex-wrap row-gap-5 mb-1\">\n<div class=\"col\">\n<div class=\"artdet__sku d-flex flex-wrap text-muted\">\n<div id=\"artdet__short-descrition\" class=\"artdet__short-descripton mb-4\">\n<div class=\"artdet__short-descripton-content\"><strong>MODEL: ALG15<\/strong><\/div>\n<\/div>\n<\/div>\n<\/div>\n<\/div>\n","protected":false},"featured_media":2071,"comment_status":"closed","ping_status":"closed","template":"","meta":[],"product_brand":[],"product_cat":[61],"product_tag":[],"class_list":{"0":"post-2068","1":"product","2":"type-product","3":"status-publish","4":"has-post-thumbnail","6":"product_cat-accessories-for-all-tracks","8":"first","9":"instock","10":"shipping-taxable","11":"purchasable","12":"product-type-simple"},"_links":{"self":[{"href":"https:\/\/actuate.systems\/index.php?rest_route=\/wp\/v2\/product\/2068","targetHints":{"allow":["GET"]}}],"collection":[{"href":"https:\/\/actuate.systems\/index.php?rest_route=\/wp\/v2\/product"}],"about":[{"href":"https:\/\/actuate.systems\/index.php?rest_route=\/wp\/v2\/types\/product"}],"replies":[{"embeddable":true,"href":"https:\/\/actuate.systems\/index.php?rest_route=%2Fwp%2Fv2%2Fcomments&post=2068"}],"wp:featuredmedia":[{"embeddable":true,"href":"https:\/\/actuate.systems\/index.php?rest_route=\/wp\/v2\/media\/2071"}],"wp:attachment":[{"href":"https:\/\/actuate.systems\/index.php?rest_route=%2Fwp%2Fv2%2Fmedia&parent=2068"}],"wp:term":[{"taxonomy":"product_brand","embeddable":true,"href":"https:\/\/actuate.systems\/index.php?rest_route=%2Fwp%2Fv2%2Fproduct_brand&post=2068"},{"taxonomy":"product_cat","embeddable":true,"href":"https:\/\/actuate.systems\/index.php?rest_route=%2Fwp%2Fv2%2Fproduct_cat&post=2068"},{"taxonomy":"product_tag","embeddable":true,"href":"https:\/\/actuate.systems\/index.php?rest_route=%2Fwp%2Fv2%2Fproduct_tag&post=2068"}],"curies":[{"name":"wp","href":"https:\/\/api.w.org\/{rel}","templated":true}]}}